p) = -2*p**3 - 2*p**2 + 5*p + 20. Calculate the remainder when h(-4) is divided by 19.
1
Let a(m) = -m**3 - 5*m**2 - m - 5. Let c be a(-5). Let v be 9/(-3) + -3 + c. Let s = v - -32. What is the remainder when s is divided by 7?
5
Suppose -4*y = -6*y. Suppose y = x + 19 - 25. Calculate the remainder when 22 is divided by x.
4
Suppose 5*y = 4*j - 145, 3*j + 95 = 6*j - y. Suppose 0*c - 4*c = 0. Suppose c = 3*h - 21 - 27. What is the remainder when j is divided by h?
14
Let o = 129 + 129. Let q = 75 - o. Let v = -93 - q. What is the remainder when v is divided by 23?
21
Let j = -121 + 207. Suppose 4*w = -w + 3*u + j, 58 = 3*w - 5*u. Calculate the remainder when (-16881)/(-357) + ((-18)/14 - -1) is divided by w.
15
Let g = -631 - -841. What is the remainder when g is divided by 71?
68
Let f = -8 + 4. Let g = 46 + f. What is the remainder when 165 is divided by g?
39
Let t be (-191)/(-9) + 16/(-72). Suppose -4*i - 47 = t. Let u = 19 + i. What is the remainder when 7 is divided by u?
1
Suppose 2 + 5 = 4*n + 3*k, -3*n - 3*k + 6 = 0. Let j = n + 3. Suppose 5*r = j*s - 49, 3*r = -s - r - 14. What is the remainder when 28 is divided by s?
4
Suppose 5*d + 43 = 3*s, -4*s + 0*d - d + 19 = 0. Suppose -8*x = 11*x - 399. What is the remainder when x is divided by s?
3
Suppose -2*s + 30 = s + 2*i, -2*i = -6. Let b be 14/6 + (-34)/(-51). Suppose b = l - 2. What is the remainder when s is divided by l?
3
Suppose 2*d - 5 = -1. Suppose 0 = -4*z + 5*o + 15, 3*z = -2*o + 17. Calculate the remainder when z is divided by 1/(d - (-15)/(-10)).
1
Suppose m - 49 = -5*o, 6*o = -2*m + o + 88. Let i(v) = -v**3 - 25*v**2 - 49*v - 48. What is the remainder when m is divided by i(-23)?
18
Suppose s = 6*y - 4*y - 6, -3*y = 3*s - 27. Let j be (-8 + s)*(-1)/4. Calculate the remainder when 19/(j - (-2)/(-4)) is divided by 20.
18
Let q = -750 + 1390. Calculate the remainder when q is divided by 15.
10
Let y be 3*2/(-6)*-28. Let k be 11 - (2/(-6) + 26/6). What is the remainder when k/(y/248) - 1 is divided by 21?
19
Let j be (24/18)/((-2)/(-6)). Let l(o) = -5*o - 4. What is the remainder when l(-9) is divided by ((-28)/16)/(j/(-32))?
13
Suppose 3*j = 26 - 11. Let n be ((-24)/30)/((-2)/j). Suppose 5*z - 44 + 6 = -n*x, -z = -3*x + 23. Calculate the remainder when 16 is divided by x.
7
Let a be (0/(-1))/(6/(-6)). Suppose a = 5*m + 5, 65 = 7*k - 2*k - 5*m. What is the remainder when 22 is divided by k?
10
Suppose 16*z + 11 = -3*j + 14*z, 2*j = z - 5. Suppose 3*x - 15 = 45. Let a = j + x. What is the remainder when 66 is divided by a?
15
Suppose 3*o + o - 484 = 0. Let v = -8 + o. Calculate the remainder when v is divided by 29.
26
Suppose -2*x - 7 = 5*g, 0 = -5*x - 0*g + 2*g + 26. Calculate the remainder when 6/x*32/6 is divided by 2.
0
Suppose -3*a = -3*k - 3, 7*k - 4*k + 9 = -3*a. Suppose -7*h = -8*h + 11. What is the remainder when h is divided by (3/(-9))/(a/18)?
5
Let z(m) = -m + 1. Let j(c) = 13*c - 22. Let k(b) = j(b) + 3*z(b). Calculate the remainder when k(7) is divided by 18.
15
Suppose -2*v - 2*v - 288 = -2*m, 4*m - 541 = v. Calculate the remainder when m is divided by 68.
66
Let t be (18/54)/(1/15). Suppose -5*n = 5 - 15. Suppose -n*y + 120 = 4*c - 0*y, 4*y - 147 = -t*c. What is the remainder when c is divided by 11?
9
Let n(j) = -2*j**3 + 38*j**2 - 139*j. Suppose 0 = i - 105 + 37. Calculate the remainder when i is divided by n(14).
12
Suppose -6*x = -7*x + 87. Calculate the remainder when x is divided by 18.
15
Let t = 10 + -26. Suppose -16*r = -10*r + 204. Let j = t - r. What is the remainder when 53 is divided by j?
17
Suppose -2*q + 140 = 3*j, -4*j + 2*q + 21 = -147. What is the remainder when 82 is divided by j?
38
Let i = -338 - -348. Calculate the remainder when -3 + 82*(-1)/(-2) is divided by i.
8
Suppose 2*t + 52 = 4*a - 3*t, 5*a + 2*t - 32 = 0. What is the remainder when 18/2*(-56)/(-24) is divided by a?
5
Let i = -21 + 34. Let s(l) be the first derivative of l**4/4 - 2*l**3/3 - 5*l**2 + 13*l - 17. What is the remainder when i is divided by s(4)?
3
Suppose -18 = -5*y + 22. Let p(j) = -7 + 16*j - 7*j + 20 + 6*j + 2*j**2. What is the remainder when p(-8) is divided by y?
5
Let b(v) = v**3 - 5*v**2 + 6*v - 6. Let i be b(4). Let d be (-536)/(-20) + i/10. Suppose 1 = 2*x - d. What is the remainder when 40 is divided by x?
12
What is the remainder when 357 is divided by 46 + -36 - 1/((-2)/10)?
12
Suppose 5*i + 5*z - 1795 = 6*z, -4*i = z - 1427. What is the remainder when i is divided by 28?
22
Let z(h) = 8*h - 11. Let c = 24 + -22. Suppose 4*j + 4 = -g, 2*g + c*j + 3*j - 1 = 0. Calculate the remainder when z(g) is divided by 14.
11
Let t(h) = -h**2 - 17*h - 19. Let f be t(-16). Let z(q) = q**2 + 4*q + 4. What is the remainder when z(f) is divided by 1?
0
Calculate the remainder when 143 is divided by -18*(-8)/36 - -31.
3
Suppose -11*q + 1395 = -5986. Calculate the remainder when q is divided by 52.
47
Let h = 1633 - 1193. What is the remainder when h is divided by 64?
56
Suppose -25*i - 4*z - 13 = -26*i, 0 = 5*i + 4*z - 41. Calculate the remainder when 1592 is divided by i.
8
Suppose -33*g + 21*g + 144 = 0. Calculate the remainder when 141 is divided by g.
9
Suppose -2*f - 2*b + 52 = -0*b, -5*f = -b - 142. Suppose -4*d - 5*m + 85 = d, -3*m + 83 = 5*d. Calculate the remainder when f is divided by d.
12
Let i(c) = 43*c - 195. What is the remainder when i(5) is divided by 15?
5
Suppose 3*r - 36 = 24. What is the remainder when 239 is divided by r?
19
What is the remainder when 36 is divided by (-147)/(-6) - (225/10)/15?
13
What is the remainder when 96 is divided by (-1 - -22)/(6 + (3 - 8))?
12
Let a(r) = 4*r - 10. Let f(k) = -k**3 - 13*k**2 - 10*k + 16. Let j be f(-12). Let w be a(j). Calculate the remainder when (-57)/2*28/w is divided by 10.
9
Let d = 86 - 85. Let c = d + 6. Suppose b + 8 = -3*b - 4*s, -10 = 2*s. What is the remainder when c is divided by b?
1
Suppose -2*x - 250 = -3*x - 3*h, 5*h = -5*x + 1240. Calculate the remainder when x is divided by 50.
47
Let r = -566 + 596. What is the remainder when r is divided by 11?
8
Let w(d) = d**3 - 8*d**2 - 2*d - 4. Suppose 8*p - 159 - 153 = 0. Suppose -66 - p = -7*s. What is the remainder when w(9) is divided by s?
14
Let h = -9 - -45. Suppose 0 = -3*w + 33 + h. Let z = w - 14. Calculate the remainder when 42 is divided by z.
6
Let u(t) = 3*t - 8. Calculate the remainder when 62 is divided by u(12).
6
Let q = 235 + -158. What is the remainder when q is divided by 16?
13
Suppose -14 - 106 = -20*n. Calculate the remainder when n is divided by 2.
0
Suppose 42*f - 40*f = -236. Let j = -92 - f. What is the remainder when j is divided by 4?
2
Let r = 57 - 14. Let v = -11 - -20. What is the remainder when r is divided by v?
7
Let g(x) = 304*x**2 - 11*x + 2. What is the remainder when g(-3) is divided by 36?
35
Let w(j) = j**2 - 3*j + 5. Let c be w(2). Suppose 3*h = -4*m + 17 + 25, -3*h + c*m + 42 = 0. Calculate the remainder when 27 is divided by h.
13
Suppose 0 = 34*h - 31*h. Suppose h = 5*p + j - 54, -4*p - p = -4*j - 59. Suppose -l = 5*q - 0 - 6, l - 33 = 4*q. Calculate the remainder when l is divided by p.
10
Let f = 93 - 83. Let r(g) = g**2 - 9*g - 1. Suppose -o + 21 = -13. What is the remainder when o is divided by r(f)?
7
Let k(s) be the third derivative of s**5/60 + s**4/6 - s**3/3 + 10*s**2. Let y(u) = -4*u + 2. Let o be y(2). What is the remainder when 27 is divided by k(o)?
7
Suppose 0 = -3*t - 6, -39*t + 1170 = 5*w - 44*t. What is the remainder when w is divided by 74?
10
Let o = -960 + 986. What is the remainder when 64 is divided by o?
12
Let c(a) = -a + 8. Let s be c(5). Suppose -s*o + 2*o + 18 = 0. Suppose 3*g = -5*h - 13 + 3, 5*g = -h + 20. What is the remainder when o is divided by g?
3
Suppose 3*j + 4*u - 66 - 192 = 0, -2*j = 2*u - 174. Suppose m - j = -m. Suppose -7 = -t + 16. Calculate the remainder when m is divided by t.
22
Let q(m) = -m**2 - 7*m. Let n be q(-3). Let k = -4 + n. Calculate the remainder when ((-22)/k)/((-1)/16) is divided by 15.
14
Let q = 386 - 309. Calculate the remainder when q is divided by 26.
25
Suppose -4*d + 471 = 5*w, 5*d + 9*w - 582 = 5*w. What is the remainder when d is divided by 13?
10
What is the remainder when 12/(-32) - 6486/(-16) is divided by 58?
57
Suppose -4*d = 2*t 